, 79
Suppose -9 - 2 = -2*r + 5*j, 0 = -3*r + 2*j. List the prime factors of r/(-13) - 74/(-26).
3
Let b be 4 + 0/(-2) + -1. Let g(l) = 2*l**2 - 4. What are the prime factors of g(b)?
2, 7
Let i = -16 - 4. Let b = 46 - i. List the prime factors of b.
2, 3, 11
Let w = 43 + -41. Suppose -4*u + 480 = -3*i, u - w*i + 34 = 154. What are the prime factors of u?
2, 3, 5
Suppose g - 5*n = 276, -n + 6*n = -3*g + 908. What are the prime factors of g?
2, 37
Suppose -49 + 33 = 2*y. Let c = 0 - y. Suppose 3*z + i + 4 = 4*z, 2*z + 3*i = c. What are the prime factors of z?
2
Let k(q) = -7*q - 33. What are the prime factors of k(-19)?
2, 5
Let f = -41 + 43. Suppose -7*u = -f*u - 530. What are the prime factors of u?
2, 53
Let g = -512 - -657. What are the prime factors of g?
5, 29
Let v(p) = 3*p - 3. Let q be v(-3). Let m(u) = -u**2 - 14*u + 20. Let w be m(-14). Let o = q + w. What are the prime factors of o?
2
Suppose 7*s - 855 = 216. List the prime factors of s.
3, 17
Let m(y) = -3*y**2 + 2*y**2 + 3 + 0*y**2 + 0*y + 4*y. Suppose -7*u + 12 = -16. List the prime factors of m(u).
3
Let n be (-110)/3 - (-4)/6. Let a = n - -97. What are the prime factors of a?
61
Suppose 0 = -17*y + 10*y + 32669. What are the prime factors of y?
13, 359
Suppose 3*x = 14 + 1, 5*c - 80 = -4*x. Suppose 3*u - 390 = -j, -4*u - 5*j = -543 + c. What are the prime factors of u?
3, 43
Let x(z) = z**2 + z - 5. Let w be x(-4). Suppose -3 = -w*j + 4*j. Suppose 3*b - 56 = -2*p, 2 = p + j. What are the prime factors of b?
2, 3
Suppose 3*q - 307 = -5*w, 0 = 3*w + 4*q - 103 - 79. What are the prime factors of w?
2, 31
Suppose -84 = -3*x - 4*a, -4*x - 11 = -4*a - 151. Let k = -6 + 6. Suppose x = g - k. List the prime factors of g.
2
Let k(p) = p + 34. Let j be k(-5). Suppose 0 = -5*x, 0 = -2*o + x - j + 209. List the prime factors of o.
2, 3, 5
Suppose -3*o = 2*n - 6*n + 36, 44 = 4*n - o. Let u(p) = 2*p**2 - 19*p + 16. List the prime factors of u(n).
2, 19
Suppose 5*s + v + v = 120, -s - 5*v + 24 = 0. Let t = -19 + s. Suppose 74 = 3*k + 2*j, -t*k + 0*j - j = -135. List the prime factors of k.
2, 7
Let c(a) = -a**2 + 15*a - 10. Suppose -4*o = -6*o + 8, o + 18 = 2*b. Let z be c(b). What are the prime factors of 2/4*(z + -6)?
2, 7
Let s(z) = -3*z**2 - 20*z - 8. Let i be s(-6). Suppose x = -4*x - i*j + 18, 15 = -5*j. List the prime factors of x.
2, 3
Let c(a) be the first derivative of 25*a**3/3 - 3*a**2/2 + 4*a + 4. What are the prime factors of c(2)?
2, 7
Let w = -20 - -19. List the prime factors of 2*w - (-45 + -4).
47
Let i(q) = -q**2 + 3*q + 3. Let u be i(2). Suppose -10*j = -u*j - 405. List the prime factors of j.
3
Let p(x) = x**3 + 4*x**2 + 5. Let d be p(-4). Let r(b) be the first derivative of b**4/4 - 2*b**3 + 5*b**2/2 + 2*b - 4. What are the prime factors of r(d)?
2
Suppose 0 = -4*u - 4*q + 6692, -u - 4*q = -1121 - 567. What are the prime factors of u?
2, 3, 139
Let u = 225 - -143. List the prime factors of u.
2, 23
Suppose 4483*v - 4470*v = 39. Suppose -33 = i - 4*x, 0 = -0*i - 4*i - x - 132. What are the prime factors of (-1)/((9/i)/v)?
11
Let m = -103 + 31. What are the prime factors of (3 - 14/4)*m?
2, 3
Let c(k) = -k**2 - 1. Let h be c(-4). Let j = h - -17. Suppose 2*m + j*m = 70. List the prime factors of m.
5, 7
Suppose -5*s + 7*s = 140. Let v = s + -136. Let y = -10 - v. List the prime factors of y.
2, 7
Suppose -10 = 21*q - 26*q. Suppose 52 = q*p - 2*v, 0*v = 3*p + v - 78. List the prime factors of p.
2, 13
List the prime factors of ((-5 - -2) + 0)*-215.
3, 5, 43
Let a = 8 + -6. Suppose -f + 1 = a. Let j(q) = -2*q**3 - 2*q - 1. List the prime factors of j(f).
3
Let d(s) = -s**3 - 4*s**2 + 7*s + 12. Let b be d(-5). Suppose 141 = h + b*h. List the prime factors of h.
47
Let o(b) = -b**2 - 11*b + 12. Let w be o(-12). Suppose -5*q + 10 = w, -5*j + 24 = -q + 1. Suppose -164 = -j*h - 39. What are the prime factors of h?
5
Let q = 7797 - 4377. List the prime factors of q.
2, 3, 5, 19
Let b(r) = -r**3 + 2*r**2 - 3*r - 3130. Let x be b(0). What are the prime factors of (x/(-15))/((-10)/(-15))?
313
Let c(n) = 1084*n**3 + n**2 + 2*n. List the prime factors of c(1).
1087
Suppose -22 = -2*r + 80. List the prime factors of r.
3, 17
Suppose 5*i + q = -3*q - 831, -q = 5*i + 834. Let a = i - -297. List the prime factors of a.
2, 5, 13
Suppose z = -u - 9, 2*z - 11 + 62 = -5*u. Let h = u + 15. What are the prime factors of -2*2/(h/(-9))?
3
Suppose -221*q + 3321 = -212*q. What are the prime factors of q?
3, 41
Suppose -148771 = -26*z - 43315. List the prime factors of z.
2, 3, 13
Let r(o) = 4 - o - o - 3 + 6*o. Let x(y) = y**3 - 8*y**2 + 10*y - 17. Let m be x(7). List the prime factors of r(m).
17
Suppose 3*w = 7*w + 20, -2*d = 2*w + 4. Suppose x - 4*x = 3*t + 63, 0 = -5*x - 10. Let z = d - t. List the prime factors of z.
2, 11
List the prime factors of (-1237)/(-5) - -5*2/(-25).
13, 19
Let c(o) = o**2 - 3*o - 35. Let w be c(13). Let u(l) = -l - 2. Let n be u(-5). Suppose -h + 4*b + 116 = n*h, -3*h = -5*b - w. What are the prime factors of h?
5
Let w be -3 - 26*98/4. Let a = -434 - w. Suppose -50 = 4*i - a. List the prime factors of i.
3, 13
Let z = 746 + -136. What are the prime factors of z?
2, 5, 61
Suppose 4*d = 2*d + 6. Let p(c) = 24*c**3 + 0 + c**2 + 1 - 2*c + c**d - 3*c**3. What are the prime factors of p(1)?
2, 11
What are the prime factors of 4/(-14) + (-11)/((-462)/97116)?
2, 17
Suppose -7*w + 10*w = -33. Let f(b) = b**3 + 13*b**2 + 11*b - 20. List the prime factors of f(w).
101
Let x be (-22 + 21)/(2/58). List the prime factors of 28 + x - -49*(3 - -1).
3, 5, 13
Let d(l) = -6*l - 6. Let n be d(-4). Suppose -w - w = 5*t + n, 5*t - 38 = 2*w. Let x(s) = s**2 + 12*s - 16. What are the prime factors of x(w)?
2, 3
Let s(w) = -4*w + 3*w + 22*w**2 - 21*w**2 + 13 - 5. Suppose -2*u + u = 0. What are the prime factors of s(u)?
2
What are the prime factors of 6 + -8 + 3 + 360?
19
Let j(q) = -5*q + 7. Suppose -13*t - 112 = 3*t. What are the prime factors of j(t)?
2, 3, 7
Let p(j) = -j**3 + 3*j**2 + 3*j. Suppose 0*v + 110 = 5*v. Let x be (v/(-33))/((-2)/9). List the prime factors of p(x).
3
Let s = -682 + 1464. List the prime factors of s.
2, 17, 23
Let o = 6 + -4. Suppose -o*j = j - 12. Suppose 0 = -5*k + j*u + 54, -3*u + 11 + 15 = k. What are the prime factors of k?
2, 7
Let x(l) = 3*l - 2. Let q be x(2). Suppose -5*s + 2*z + 134 = 0, -4*s + q*z + 112 = -0*z. List the prime factors of s.
2, 13
Let o be (-25 + 28)*(1 + 0). Suppose -o*v + 111 = -z, 2*v - 88 = 2*z - 6*z. List the prime factors of v.
2, 19
Let x(k) = -k**3 - 5*k**2 - 4*k - 5. Suppose a - 15 = -4*a. Suppose w + 2 = -a. What are the prime factors of x(w)?
3, 5
Suppose 0 = 5*d - 5848 + 678. List the prime factors of d.
2, 11, 47
Let h(y) = 7*y**2 - 3*y - 1. Let m be h(3). Suppose -5*l + 11*w = 7*w - 13, -3*w + 19 = 2*l. Suppose 27 = l*o - m. What are the prime factors of o?
2
Let k = -114 - -1056. List the prime factors of k.
2, 3, 157
Let c(s) = s - 5. Let h be c(6). Suppose g = -4*j + 4, 2 - h = 3*g + j. Suppose -4*i + 176 + 84 = g. What are the prime factors of i?
5, 13
List the prime factors of 2 - 2/2*-2 - -154.
2, 79
Suppose 1127 + 928 = 15*u. What are the prime factors of u?
137
Let v(o) = o**2 + 4*o - 7. Let i be v(-6). Suppose -12 = -3*n, 3*t + 4 = t + i*n. Let d = t + 6. What are the prime factors of d?
2, 7
List the prime factors of 1492*(8 - (5 + 1)).
2, 373
Let a(n) = 25*n - 25. List the prime factors of a(2).
5
Let a(s) = 4*s + 6. Let p be a(9). Suppose 5*m = t + 16, -p = -5*t - 4*m - 6. What are the prime factors of t?
2
Let o(b) = 11*b**3 + b**2 - 2*b - 3. Let k be o(3). Suppose -5*q = 5*a - 0*q - 705, 5*q - k = -2*a. What are the prime factors of a?
2, 17
Let z(l) = 301*l**2 + 9*l - 5. List the prime factors of z(-2).
1181
Suppose -25*l - 39087 = -34*l. What are the prime factors of l?
43, 101
Suppose -29*h + 9975 = -10209. List the prime factors of h.
2, 3, 29
Let w(u) = 2*u + 10. Let q be w(0). Let r be 8/10 + 3422/q. Suppose -r = -0*z - 7*z. What are the prime factors of z?
7
Let w(o) = -o**2 - 8*o - 11. Let s be w(-7). List the prime factors of 24 + (3/6)/((-2)/s).
5
Let h(x) = x**3 + 32*x**2 - 20*x + 85. List the prime factors of h(-32).
5, 29
Let y(x) = -x**3 + 4*x**2 + 14*x - 2. Let r be y(6). Suppose 148 = 5*s -